{"id":1234,"date":"2024-06-08T10:36:28","date_gmt":"2024-06-08T15:36:28","guid":{"rendered":"https:\/\/floristeriacaprichoscol.com\/?post_type=product&#038;p=1234"},"modified":"2026-01-26T17:32:07","modified_gmt":"2026-01-26T22:32:07","slug":"epoca-dorada","status":"publish","type":"product","link":"https:\/\/floristeriacaprichoscol.com\/index.php\/producto\/epoca-dorada\/","title":{"rendered":"\u00c9poca Dorada"},"content":{"rendered":"<p>Fruta en copa, caf\u00e9, jugo, Snak de vegetales, yogur griego, s\u00e1ndwich de pollo, torta personal, Mesa con burbuja y arreglo floral.<\/p>\n","protected":false},"excerpt":{"rendered":"<p>Fruta en copa, caf\u00e9, jugo, Snak de vegetales, yogur griego, s\u00e1ndwich de pollo, torta personal, Mesa con burbuja y arreglo floral.<\/p>\n","protected":false},"featured_media":1235,"comment_status":"open","ping_status":"closed","template":"","meta":[],"product_brand":[],"product_cat":[44,39,26],"product_tag":[45,30,40],"class_list":{"0":"post-1234","1":"product","2":"type-product","3":"status-publish","4":"has-post-thumbnail","6":"product_cat-desayuno","7":"product_cat-flores","8":"product_cat-rosas","9":"product_tag-desayuno","10":"product_tag-flores","11":"product_tag-rosas","13":"first","14":"instock","15":"shipping-taxable","16":"purchasable","17":"product-type-simple"},"jetpack-related-posts":[],"_links":{"self":[{"href":"https:\/\/floristeriacaprichoscol.com\/index.php\/wp-json\/wp\/v2\/product\/1234","targetHints":{"allow":["GET"]}}],"collection":[{"href":"https:\/\/floristeriacaprichoscol.com\/index.php\/wp-json\/wp\/v2\/product"}],"about":[{"href":"https:\/\/floristeriacaprichoscol.com\/index.php\/wp-json\/wp\/v2\/types\/product"}],"replies":[{"embeddable":true,"href":"https:\/\/floristeriacaprichoscol.com\/index.php\/wp-json\/wp\/v2\/comments?post=1234"}],"wp:featuredmedia":[{"embeddable":true,"href":"https:\/\/floristeriacaprichoscol.com\/index.php\/wp-json\/wp\/v2\/media\/1235"}],"wp:attachment":[{"href":"https:\/\/floristeriacaprichoscol.com\/index.php\/wp-json\/wp\/v2\/media?parent=1234"}],"wp:term":[{"taxonomy":"product_brand","embeddable":true,"href":"https:\/\/floristeriacaprichoscol.com\/index.php\/wp-json\/wp\/v2\/product_brand?post=1234"},{"taxonomy":"product_cat","embeddable":true,"href":"https:\/\/floristeriacaprichoscol.com\/index.php\/wp-json\/wp\/v2\/product_cat?post=1234"},{"taxonomy":"product_tag","embeddable":true,"href":"https:\/\/floristeriacaprichoscol.com\/index.php\/wp-json\/wp\/v2\/product_tag?post=1234"}],"curies":[{"name":"wp","href":"https:\/\/api.w.org\/{rel}","templated":true}]}}